{"id":60,"date":"2018-08-14T10:27:07","date_gmt":"2018-08-14T13:27:07","guid":{"rendered":"https:\/\/ceace.org.br\/?page_id=60"},"modified":"2018-08-14T12:32:41","modified_gmt":"2018-08-14T15:32:41","slug":"historia","status":"publish","type":"page","link":"https:\/\/ceace.org.br\/?page_id=60","title":{"rendered":"Hist\u00f3ria"},"content":{"rendered":"\t\t<div class=\"elementor elementor-60\">\n\t\t\t<div class=\"elementor-inner\">\n\t\t\t\t<div class=\"elementor-section-wrap\">\n\t\t\t\t\t\t\t<section data-id=\"db9feec\" class=\"elementor-element elementor-element-db9feec elementor-section-boxed elementor-section-height-default elementor-section-height-default elementor-section elementor-top-section\" data-element_type=\"section\">\n\t\t\t\t\t\t<div class=\"elementor-container elementor-column-gap-default\">\n\t\t\t\t<div class=\"elementor-row\">\n\t\t\t\t<div data-id=\"eec148c\" class=\"elementor-element elementor-element-eec148c elementor-column elementor-col-50 elementor-top-column\" data-element_type=\"column\">\n\t\t\t<div class=\"elementor-column-wrap elementor-element-populated\">\n\t\t\t\t\t<div class=\"elementor-widget-wrap\">\n\t\t\t\t<div data-id=\"92d5aff\" class=\"elementor-element elementor-element-92d5aff elementor-widget elementor-widget-text-editor\" data-element_type=\"text-editor.default\">\n\t\t\t\t<div class=\"elementor-widget-container\">\n\t\t\t\t\t<div class=\"elementor-text-editor elementor-clearfix\"><p>O Centro Esp\u00edrita Amor , Caridade e Esperan\u00e7a desabrochou no encontro de cora\u00e7\u00f5es amigos , que frequentavam o Culto do Evangelho no Lar , na acolhedora casa do casal Sr. Ant\u00f4nio dos Santos \u2013 m\u00e9dium doutrinador e receitista \u2013 e Sra. Rosa dos Santos , localizada \u00e0 Rua S\u00e3o Manuel , n\u00ba 30 , em Botafogo. Ali, tamb\u00e9m compareciam o Sr. Agostinho Jos\u00e9 Rodrigues e a Sra. Benta Rodrigues \u2013 m\u00e9dium inconsciente , tendo como mentor Fernando Figueiredo \u2013 , os Srs. Carlos Manoel da Silva , Milton Rodrigues Serra , Ant\u00f4nio Corr\u00eaa Villela , Ant\u00f4nio Alves Ramos , Manoel Motta Teixeira , Manoel Machado Soares e Joaquim do Ros\u00e1rio, entre outros.<\/p><p>O que havia de comum entre eles ? Todos compartilhavam o mesmo ideal : a caridade ofertada ao seu semelhante , consolando , esclarecendo , aconselhando , balsamizando dores f\u00edsicas e morais ; como , tamb\u00e9m , o conhecimento do mundo espiritual , o interc\u00e2mbio entre as duas esferas da vida : a f\u00edsica e a extra-f\u00edsica , no aux\u00edlio humilde aos Benfeitores espirituais , na ajuda do esclarecimento amoroso aos nossos irm\u00e3os desencarnados , que aportavam \u00e0quelas singelas reuni\u00f5es.<\/p><p>O grupo crescia a cada reuni\u00e3o e aquele lar aconchegante tornou-se pequeno para abrigar e orientar tantas almas . assim \u00e9 que , em uma das reuni\u00f5es , a m\u00e9dium Dona Benta recebeu a orienta\u00e7\u00e3o de um dos mentores do grupo , Padre Germano , para que procurassem um local , onde se pudesse instalar um Centro Esp\u00edrita capaz de abrigar e atender aquelas pessoas que ali chegavam em busca de aux\u00edlio.<\/p><p>Buscando seguir a orienta\u00e7\u00e3o da espiritualidade , foi iniciada a importante tarefa de se encontrar o lugar adequado para a instala\u00e7\u00e3o de mais uma Casa de Jesus aqui na Terra . Foi quando o Sr. In\u00e1cio Bittencourt , grande tarefeiro da seara de Jesus , prontamente cedeu ao grupo uma sobreloja , j\u00e1 mobiliada , \u00e0 Rua Volunt\u00e1rios da P\u00e1tria , n\u00ba 20 , onde funcionava o Ciclo de Estudos Charitas.<\/p><\/div>\n\t\t\t\t<\/div>\n\t\t\t\t<\/div>\n\t\t\t\t\t\t<\/div>\n\t\t\t<\/div>\n\t\t<\/div>\n\t\t\t\t<div data-id=\"50e3961\" class=\"elementor-element elementor-element-50e3961 elementor-column elementor-col-50 elementor-top-column\" data-element_type=\"column\">\n\t\t\t<div class=\"elementor-column-wrap elementor-element-populated\">\n\t\t\t\t\t<div class=\"elementor-widget-wrap\">\n\t\t\t\t<div data-id=\"89e309f\" class=\"elementor-element elementor-element-89e309f elementor-widget elementor-widget-image\" data-element_type=\"image.default\">\n\t\t\t\t<div class=\"elementor-widget-container\">\n\t\t\t\t\t<div class=\"elementor-image\">\n\t\t\t\t\t\t\t\t\t\t<img width=\"750\" height=\"1000\" src=\"https:\/\/ceace.org.br\/wp-content\/uploads\/2018\/08\/foto-historia-768x1024.jpg\" class=\"attachment-large size-large\" alt=\"\" loading=\"lazy\" srcset=\"https:\/\/ceace.org.br\/wp-content\/uploads\/2018\/08\/foto-historia.jpg 768w, https:\/\/ceace.org.br\/wp-content\/uploads\/2018\/08\/foto-historia-225x300.jpg 225w\" sizes=\"(max-width: 750px) 100vw, 750px\" \/>\t\t\t\t\t\t\t\t\t\t\t<\/div>\n\t\t\t\t<\/div>\n\t\t\t\t<\/div>\n\t\t\t\t\t\t<\/div>\n\t\t\t<\/div>\n\t\t<\/div>\n\t\t\t\t\t\t<\/div>\n\t\t\t<\/div>\n\t\t<\/section>\n\t\t\t\t<section data-id=\"3cf438b\" class=\"elementor-element elementor-element-3cf438b elementor-section-boxed elementor-section-height-default elementor-section-height-default elementor-section elementor-top-section\" data-element_type=\"section\">\n\t\t\t\t\t\t<div class=\"elementor-container elementor-column-gap-default\">\n\t\t\t\t<div class=\"elementor-row\">\n\t\t\t\t<div data-id=\"f50bb5f\" class=\"elementor-element elementor-element-f50bb5f elementor-column elementor-col-100 elementor-top-column\" data-element_type=\"column\">\n\t\t\t<div class=\"elementor-column-wrap elementor-element-populated\">\n\t\t\t\t\t<div class=\"elementor-widget-wrap\">\n\t\t\t\t<div data-id=\"532f98f\" class=\"elementor-element elementor-element-532f98f elementor-widget elementor-widget-text-editor\" data-element_type=\"text-editor.default\">\n\t\t\t\t<div class=\"elementor-widget-container\">\n\t\t\t\t\t<div class=\"elementor-text-editor elementor-clearfix\"><p>Felizes com o promissor evento e ansiosos com o novo curso dos acontecimentos alvissareiros, era necess\u00e1rio e urgente escolher um nome para o nascente foco de luz , o Centro Esp\u00edrita &#8230; , seu nome deveria sintetizar os rec\u00f4nditos anelos espirituais daquele valoroso e incans\u00e1vel grupo de trabalhadores do Cristo . E , mais uma vez , a Espiritualidade Maior , interveio , atrav\u00e9s do Mentor Padre Germano : \u201c \u2013 o nome escolhido pela espiritualidade ser\u00e1 o lema que nortear\u00e1 os trabalhos da Casa , Amor , Caridade e Esperan\u00e7a.<\/p><p>E assim florescia este manancial de luz que \u00e9 o Centro Esp\u00edrita Amor, Caridade e Esperan\u00e7a , fundado ao 1\u00ba dia do m\u00eas de setembro de 1942 , transformado em torrente de amor ao acolher , luzeiro de caridade ao esclarecer e nascente de esperan\u00e7a ao auxiliar o pr\u00f3ximo.<\/p><p>Este seleto grupo j\u00e1 trazia de outros tempos o carinho e o respeito por Jo\u00e3o Batista , e assim decidiram que Jo\u00e3o Batista seria o Protetor e o Mentor Maior do Centro Esp\u00edrita Amor, Caridade e Esperan\u00e7a.<\/p><p>Tra\u00e7ados os primeiros passos do seu destino , a Casa continuou a crescer , acolhendo cada vez mais trabalhadores e frequentadores que ali aportavam procurando uma palavra de consolo nos ensinamentos de Jesus e um al\u00edvio para as suas dores e dificuldades . E ,mais uma vez , o espa\u00e7o f\u00edsico da Casa n\u00e3o comportava o crescente n\u00famero de sofredores do corpo e do esp\u00edrito . Foi ent\u00e3o que, durante uma reuni\u00e3o medi\u00fanica , o mentor da m\u00e9dium Dona Benta , Fernando Figueiredo falou ao grupo da necessidade do Centro ter sua sede pr\u00f3pria . Logo , a dire\u00e7\u00e3o da Casa , tendo \u00e0 frente o incans\u00e1vel tarefeiro Ant\u00f4nio dos Santos , abriu um \u201clivro de ouro\u201d com a finalidade de arrecadar fundos para a compra da nova sede do Centro Esp\u00edrita Amor , Caridade e Esperan\u00e7a . Sem d\u00favida , a maior parte da quantia necess\u00e1ria \u00e0 compra da nova sede foi doada pelo Sr. Ant\u00f4nio dos Santos.<\/p><p>Com a ajuda da espiritualidade , a chegada de novos s\u00f3cios e o trabalho incessante de seus seareiros , o sonho acalentado por seus fundadores se concretizou e em 1962 comprou-se a casa , que hoje nos acolhe em seu irresist\u00edvel e amoroso seio, \u00e0 Rua S\u00e3o Manuel , n\u00ba 12 , em Botafogo.<\/p><p>Sem d\u00favida , o Sr. Ant\u00f4nio dos Santos \u00e9 a figura que mais se destaca nos primeiros 34 anos de exist\u00eancia do Centro Esp\u00edrita Amor , Caridade e Esperan\u00e7a ; pois , sempre \u00e9 lembrado com imenso carinho e respeito , apesar da sua seriedade e r\u00edgida disciplina . Sua dedica\u00e7\u00e3o e amor \u00e0 Casa e \u00e0 causa , seu car\u00e1ter reto , sua sens\u00edvel percep\u00e7\u00e3o sempre em sintonia com a espiritualidade benfazeja , sua autoridade moral perante os Esp\u00edritos desviados da senda do bem , fizeram dele um l\u00edder natural e o diretor dos trabalhos medi\u00fanicos at\u00e9 o seu retorno \u00e0 p\u00e1tria espiritual no ano de 1976 .<\/p><p>Atrav\u00e9s da sua mediunidade intuitiva , bastante desenvolvida , os mentores e trabalhadores espirituais da Casa orientavam suas atividades e os frequentadores que ali iam buscar um conselho , um lenitivo , um consolo . Sua dedica\u00e7\u00e3o e amor ao pr\u00f3ximo eram tanto que mesmo o Centro estando fechado ele n\u00e3o hesitava em oferecer ajuda em sua pr\u00f3pria resid\u00eancia , no n\u00ba 30 da Rua S\u00e3o Manoel .<\/p><p>Quanta coisa mudou desde ent\u00e3o , nos anos 40 , 50 e 60 , o Espiritismo era visto com reservas pelas Autoridades do pa\u00eds . Por isso , os m\u00e9diuns tinham que ser registrados em livro , com foto e carimbo da delegacia policial ; era preciso, tamb\u00e9m , atestado m\u00e9dico provando que n\u00e3o tinham doen\u00e7as infecto-contagiosas e que gozavam de perfeito estado de sanidade mental . Esse livro era mantido no Centro para ser apresentado \u00e0 pol\u00edcia em caso de fiscaliza\u00e7\u00e3o.<\/p><p>Era , tamb\u00e9m , costume da \u00e9poca os homens e as mulheres sentarem-se em lados opostos no sal\u00e3o e crian\u00e7as n\u00e3o podiam frequentar o Centro . Nos dias de festas solenes , os diretores trajavam terno e gravata e usavam um cravo branco na lapela .<\/p><p>Naquele ent\u00e3o o Centro Esp\u00edrita Amor , Caridade e Esperan\u00e7a tinha como atividade primordial o tratamento da desobsess\u00e3o , em reuni\u00f5es p\u00fablicas muito concorridas , na qual a autoridade moral do Sr. Ant\u00f4nio dos Santos exercia controle irresist\u00edvel sobre Esp\u00edritos comunicantes e m\u00e9diuns . Era ele tamb\u00e9m o \u00fanico doutrinador da Casa .<\/p><p>Com o desencarne do Sr. Ant\u00f4nio dos Santos em 1976 , as diretrizes do Centro come\u00e7aram a se modificar , pois a \u00e9poca dos fen\u00f4menos e da curiosidade j\u00e1 havia passado , hoje h\u00e1 necessidade de estudo , racioc\u00ednio e conscientiza\u00e7\u00e3o , al\u00e9m do recolhimento e do sil\u00eancio interior . Assim , o Sr. H\u00e9lio Manoel Canellas e outros trabalhadores da Casa foram buscar o Dr. Jos\u00e9 Alberto Pastana , que era Presidente do Centro Esp\u00edrita Seara Fraterna , no Catete e o Prof. Gerson Sim\u00f5es Monteiro , Presidente da USEERJ , hoje CEERJ (Conselho Esp\u00edrita do Estado do Rio de Janeiro) . Uma das primeiras provid\u00eancias tomadas pelo Prof. Gerson foi suspender as reuni\u00f5es medi\u00fanicas e estudar com os m\u00e9diuns . Com isso , muitos trabalhadores do Centro e frequentadores deixaram a Casa . Mas os que permaneceram aceitaram as mudan\u00e7as e as novas diretrizes da Institui\u00e7\u00e3o : estudo , conscientiza\u00e7\u00e3o , evangeliza\u00e7\u00e3o , reuni\u00f5es medi\u00fanicas privadas . O Prof. Gerson permaneceu na Casa durante cinco anos , organizando e orientando a reuni\u00e3o medi\u00fanica . Hoje a Casa prioriza o estudo e continua seu trabalho de atendimento e tratamento espiritual nos moldes do livro Desobsess\u00e3o de Andr\u00e9 Luiz , psicografado pelos m\u00e9diuns Francisco C\u00e2ndido Xavier e Waldo Vieira ; assim como segue as recomenda\u00e7\u00f5es do op\u00fasculo da FEB (Federa\u00e7\u00e3o Esp\u00edrita Brasileira) Orienta\u00e7\u00e3o Ao Centro Esp\u00edrita . A Casa voltou a crescer e desenvolve ,neste momento , em torno de vinte cinco atividades ,al\u00e9m de cinco reuni\u00f5es p\u00fablicas e passe , durante a semana , e cinco grupos de reuni\u00f5es medi\u00fanicas privadas .<\/p><\/div>\n\t\t\t\t<\/div>\n\t\t\t\t<\/div>\n\t\t\t\t<div data-id=\"8121a27\" class=\"elementor-element elementor-element-8121a27 elementor-widget elementor-widget-text-editor\" data-element_type=\"text-editor.default\">\n\t\t\t\t<div class=\"elementor-widget-container\">\n\t\t\t\t\t<div class=\"elementor-text-editor elementor-clearfix\"><p class=\"rtecenter\">O VIAJANTE<\/p><p class=\"rtecenter\">Sou eterno viajante<br \/>Venho de um lugar distante<br \/>Para onde vou ?<\/p><p class=\"rtecenter\">Procuro um caminho certo<br \/>J\u00e1 nem sei se longe ou perto<br \/>Os lugares onde andei .<\/p><p class=\"rtecenter\">Em outras vidas passadas<br \/>Habitei muitas moradas<br \/>Fui escravo e fui rei .<\/p><p class=\"rtecenter\">Vesti p\u00farpura , vesti linho<br \/>Abandonei o bom caminho<br \/>E nas trevas penetrei .<\/p><p class=\"rtecenter\">D&#8217; \u00e1gua pura Algu\u00e9m fez vinho<br \/>Me ofereceu com carinho<br \/>E em troca o condenei .<\/p><p class=\"rtecenter\">De andrajos cobri meu corpo<br \/>Sou um pobre viajante<br \/>Que cansado aqui parei .<\/p><p class=\"rtecenter\">No \u201c Amor , Caridade e Esperan\u00e7a \u201c<br \/>Ascende de novo a chama :<br \/>\u00c9 Jesus ! Ele me ama !<br \/>Meus irm\u00e3os vos encontrei !<\/p><p>( Mensagem psicografada pelo m\u00e9dium Hamilton Guerra em 1987 , no CEACE .)<\/p><p>\u00a0<\/p><\/div>\n\t\t\t\t<\/div>\n\t\t\t\t<\/div>\n\t\t\t\t<div data-id=\"69d31ed\" class=\"elementor-element elementor-element-69d31ed elementor-widget elementor-widget-divider\" data-element_type=\"divider.default\">\n\t\t\t\t<div class=\"elementor-widget-container\">\n\t\t\t\t\t<div class=\"elementor-divider\">\n\t\t\t<span class=\"elementor-divider-separator\"><\/span>\n\t\t<\/div>\n\t\t\t\t<\/div>\n\t\t\t\t<\/div>\n\t\t\t\t<div data-id=\"94302d1\" class=\"elementor-element elementor-element-94302d1 elementor-widget elementor-widget-shortcode\" data-element_type=\"shortcode.default\">\n\t\t\t\t<div class=\"elementor-widget-container\">\n\t\t\t\t\t<div class=\"elementor-shortcode\"><center><iframe loading=\"lazy\" src=\"https:\/\/www.slideshare.net\/slideshow\/embed_code\/40045571\" width=\"750\" height=\"602\" frameborder=\"0\" marginwidth=\"0\" marginheight=\"0\" scrolling=\"no\"><\/iframe><br\/><\/div>\n\t\t\t\t<\/div>\n\t\t\t\t<\/div>\n\t\t\t\t\t\t<\/div>\n\t\t\t<\/div>\n\t\t<\/div>\n\t\t\t\t\t\t<\/div>\n\t\t\t<\/div>\n\t\t<\/section>\n\t\t\t\t\t\t<\/div>\n\t\t\t<\/div>\n\t\t<\/div>\n\t\t","protected":false},"excerpt":{"rendered":"<p>O Centro Esp\u00edrita Amor , Caridade e Esperan\u00e7a desabrochou no encontro de cora\u00e7\u00f5es amigos , que frequentavam o Culto do Evangelho no Lar , na acolhedora casa do casal Sr. Ant\u00f4nio dos Santos \u2013 m\u00e9dium doutrinador e receitista \u2013 e<\/p>\n","protected":false},"author":1,"featured_media":0,"parent":0,"menu_order":0,"comment_status":"closed","ping_status":"closed","template":"elementor_header_footer","meta":[],"_links":{"self":[{"href":"https:\/\/ceace.org.br\/index.php?rest_route=\/wp\/v2\/pages\/60"}],"collection":[{"href":"https:\/\/ceace.org.br\/index.php?rest_route=\/wp\/v2\/pages"}],"about":[{"href":"https:\/\/ceace.org.br\/index.php?rest_route=\/wp\/v2\/types\/page"}],"author":[{"embeddable":true,"href":"https:\/\/ceace.org.br\/index.php?rest_route=\/wp\/v2\/users\/1"}],"replies":[{"embeddable":true,"href":"https:\/\/ceace.org.br\/index.php?rest_route=%2Fwp%2Fv2%2Fcomments&post=60"}],"version-history":[{"count":8,"href":"https:\/\/ceace.org.br\/index.php?rest_route=\/wp\/v2\/pages\/60\/revisions"}],"predecessor-version":[{"id":91,"href":"https:\/\/ceace.org.br\/index.php?rest_route=\/wp\/v2\/pages\/60\/revisions\/91"}],"wp:attachment":[{"href":"https:\/\/ceace.org.br\/index.php?rest_route=%2Fwp%2Fv2%2Fmedia&parent=60"}],"curies":[{"name":"wp","href":"https:\/\/api.w.org\/{rel}","templated":true}]}}